Let k = 455 - 395. What is the highest common divisor of k and 260?
20
Let v = 24 + -20. Suppose 2*l + 1 = -2*i + 7, v*i + 18 = l. Let u be (48/(-32))/(l/(-40)). What is the highest common divisor of u and 5?
5
Let l(p) be the second derivative of p**5/20 - 2*p**4/3 + 13*p**3/6 + 11*p**2/2 - 31*p. Let x be l(6). Calculate the greatest common divisor of 136 and x.
17
Let o = 123 + -118. Suppose -3*l = a - 282, 0 = -o*l - a - 0*a + 472. What is the greatest common divisor of 5 and l?
5
Let b = 52 + -42. Let a be 5 + 9/(-3) + b. Suppose -r + 5*r - 12 = 0. Calculate the highest common factor of r and a.
3
Suppose 0*x + 11 = w - x, 3*w = -x + 33. Suppose w = 3*u - 58. Let y = 51 - -18. What is the highest common factor of y and u?
23
Let g(d) = d**2 + 2*d + 6. Let y be g(-4). Let p be 10/(-4)*(-12)/10. Suppose -2*t - 8 = -m, -m - p*t + 79 = 4*m. What is the highest common factor of m and y?
14
Let i = 2839 - 1717. What is the highest common divisor of i and 204?
102
Let k = -1531 + 1713. Calculate the greatest common divisor of k and 70.
14
Suppose 0*y - 5*k = -5*y + 35, -5*k + 10 = 0. Suppose -2*u = 2*u - 396. What is the highest common factor of y and u?
9
Suppose -5*f + 3520 = -5*w, 4*f - 2816 = 3*w - 4*w. Calculate the greatest common factor of 44 and f.
44
Let w = 1 + 1. Let v(r) = -r**3 - 3*r**2 - r**3 + 0*r**w + 2*r - 4*r - 1. Let o be v(-2). Calculate the highest common factor of o and 7.
7
Suppose -168*d + 7943 - 887 = 0. What is the greatest common factor of 1512 and d?
42
Let f be (6/6)/(1/63). What is the greatest common divisor of f and 273?
21
Suppose 2*r - 7 = -11. Let f be (-228)/(-8) + 5/r. Calculate the highest common divisor of 2 and f.
2
Suppose 5*g - 2*g - 12 = 0. Let i be (1 - g) + 6 - -78. Calculate the highest common divisor of i and 54.
27
Let j be (-19246)/(-18) - 40/180. Suppose -j = -8*o + 1043. Calculate the highest common divisor of o and 24.
24
Let t be (-1140)/(-9)*(-6)/(-5). Let s = -263 + t. Let c = 167 + s. What is the highest common factor of c and 8?
8
Let a(r) = -4*r**3 - r**2 - r. Let t(o) = -o - 3. Let g be t(-4). Let x be 1/(-1*(g - 0)). Let m be a(x). Calculate the greatest common factor of m and 12.
4
Let y(h) = 21*h**3 + 7*h - 14. Let u be y(2). Calculate the highest common factor of u and 12.
12
Suppose 3*f - 42 = -3*z, 3*f + 2*z - 45 + 2 = 0. What is the highest common factor of f and 5?
5
Suppose -35*w - 24*w = -2655. Calculate the highest common divisor of w and 99.
9
Let o = -7 - -36. Let r = 1 + o. Let s = 5 - -1. What is the highest common divisor of r and s?
6
Let f = 3 + 5. Suppose -4*a - 5*g - f = -3, 0 = -g - 5. Suppose a*v = -0*v + 45. Calculate the greatest common divisor of 72 and v.
9
Suppose i = -4*i + 20. Suppose 0 = 5*k - z - 227, -i*k + 3*z + 209 - 23 = 0. Let b be -1 + 0 + (9 - 3). What is the greatest common divisor of b and k?
5
Let a be 245 - (-9 - -5) - -3. Calculate the highest common divisor of 84 and a.
84
Let s(k) = -1 - 2*k**3 - 2 - 7*k**2 + 3*k**3 + 3*k - 7. Let y be s(5). Let a be 3 + -2 - (y + 1). What is the highest common divisor of a and 9?
9
Let b(w) = -5*w**2 - 190*w + 36. Let t be b(-38). Suppose d = -2*d + 27. What is the greatest common divisor of t and d?
9
Let v be (6/3 + -2)/(0 - 3). Suppose -7*i + v*i = -1470. What is the greatest common divisor of i and 30?
30
Let o = 29 - 30. Let l = 10 + o. Let j = 22 - l. What is the highest common divisor of 130 and j?
13
Let l(i) = 3*i**2 + 4*i + 3. Let z(j) = 7*j**2 + 7*j + 7. Let t(b) = -5*l(b) + 2*z(b). Let r be t(-4). Calculate the greatest common factor of 28 and r.
7
Let j = -32 + 48. Let d(u) = -9*u - 4. Let w be d(-4). What is the greatest common factor of w and j?
16
Let y(d) = -3*d**2 - 2*d. Let g be y(-1). Let u be (-1)/(-3) + ((-496)/(-6) - g). What is the greatest common factor of u and 14?
14
Suppose -59*c = -56*c - y - 561, -5*c - 3*y + 935 = 0. Calculate the highest common factor of 17 and c.
17
Let d(p) = -6*p + 76. Let s be d(11). What is the greatest common divisor of 320 and s?
10
Let t be 10566/54 - (-4)/(-6). What is the greatest common factor of 75 and t?
15
Suppose 3*p = 23 + 1. Let h = 4 - 26. Let t = 10 - h. What is the greatest common divisor of p and t?
8
Let o(n) = -2*n**2 - 12*n + 12. Let j be o(-6). Calculate the greatest common divisor of 4 and j.
4
Suppose 36 = -2*h + 5*c, 2*c + 8 = 3*h - 5*h. Let s be 3/(12/h) + 35. Calculate the greatest common factor of s and 3.
3
Let s(r) = 27*r - 26. Let q be s(3). Let w = -47 + q. Calculate the highest common factor of w and 72.
8
Suppose -542*b = -548*b + 18. Suppose -2*p = -7*p + 60. Let a be ((-6)/8)/((-1)/p). Calculate the highest common factor of b and a.
3
Let f(y) = 0*y - 22*y**2 + 24*y**2 + 1 + 1 - y. Let w be f(-3). Calculate the greatest common factor of 23 and w.
23
Suppose -93 = -12*v + 51. Suppose 4*p + 576 = v*p. Suppose -21 - 51 = -3*w. Calculate the highest common divisor of w and p.
24
Let d = -143 - -3403. What is the greatest common factor of d and 20?
20
Let d(f) = -f**3 + 13*f**2 + 25*f - 149. Let j be d(14). Calculate the highest common factor of j and 40.
5
Let x = 94 + -90. Suppose -x*m = -3*y - 36, -4*y - 36 = -4*m - 0. Calculate the greatest common divisor of 1 and m.
1
Let d(o) = -2*o - 11*o**2 + 6*o**2 + 10*o**2 + 16. Let i be d(-4). Calculate the greatest common factor of 26 and i.
26
Let s = 70 - 69. Let n(w) = 23*w - 2. Let u be n(s). What is the highest common factor of 21 and u?
21
Suppose 3402 = 16*m - 9*m. Calculate the highest common divisor of m and 36.
18
Let z be 8/(-4) - (-192)/(9 + -3). Calculate the greatest common factor of 70 and z.
10
Let g(q) = 2*q**2 + 2*q + 3. Let x be g(-1). Suppose -103 + 277 = 4*s - x*p, -3*s + 4*p = -134. Calculate the greatest common factor of 63 and s.
21
Let d(b) = 2*b**2 - 4*b - 28. Let a be d(-7). Let l = 16 - -54. Let j = a - l. Calculate the highest common factor of 4 and j.
4
Let a(n) = n**2 + n + 3. Let z be (-2)/(-7) + 150/14. Suppose 6*m = z*m + 20. Let f be a(m). Calculate the greatest common factor of 15 and f.
15
Suppose 7*d = 14*d - 28. Suppose d*s = 5*x + 19, 2*x + 20 = 5*s - 3*x. Suppose 38 = 5*b - b + 2*z, 9 = 2*b - z. What is the highest common divisor of b and s?
1
Let l = -630 + 1107. Calculate the highest common divisor of 53 and l.
53
Suppose 4*f + 3*i + 73 - 482 = 0, -5*i - 385 = -4*f. Let q be f/8*(-6)/(-5). Calculate the highest common divisor of 15 and q.
15
Suppose -4*h = -2*h + 4*f - 22, -5*f = -4*h + 5. Let k be h/(-3)*(-110 + 14). Calculate the greatest common factor of 10 and k.
10
Suppose 0 = -h + 5*n - 1 - 5, 2*n = 0. Suppose -2*m = -0*z + 2*z + 18, -m = 5*z + 33. Let v be (-14)/z + (-4)/h. What is the highest common factor of 15 and v?
3
Let h be (117/(-4))/((168/(-160))/21). What is the greatest common divisor of h and 65?
65
Let b = -272 + 394. Suppose 0 = -3*d - z + 125, b - 32 = 2*d + 2*z. What is the greatest common factor of 60 and d?
20
Suppose -6*p + 21 + 3 = 0. Let j be (-410)/(-18) + p/18. Calculate the highest common factor of j and 92.
23
Let d be (-1)/(-2) - (-33)/2. What is the greatest common factor of d and 68?
17
Suppose -2*v + k = -55, -7*v = 5*k - 80 - 155. Calculate the greatest common factor of v and 285.
15
Let o be 2/13 - (-21240)/520. Calculate the highest common factor of o and 123.
41
Let k(s) = 40*s**2 - 19*s - 9. Let g be k(3). What is the greatest common factor of 12 and g?
6
Suppose -379*o = -420*o + 5248. What is the greatest common divisor of o and 1984?
64
Suppose -5*m - h = -1441, -3*h - 2*h + 1445 = 5*m. Calculate the highest common factor of m and 9.
9
Let y(c) = -6*c - 23. Let t be y(-18). Suppose 0 = -2*q + 25 + t. Calculate the highest common factor of q and 440.
55
Suppose -9 = -3*x - 0*x, a + 3*x = 67. Let l = -46 + a. What is the highest common divisor of 48 and l?
12
Suppose 12*o - 1483 = 245. Calculate the highest common factor of 64 and o.
16
Let k(g) = 2*g**2 - 12*g. Suppose -4*j + 4*h = -36, 2*j = 2*h - 3*h + 15. Let l be k(j). Calculate the greatest common factor of l and 8.
8
Suppose -4*u = 4*z - 20, 6*z + 15 = z + 3*u. Let g(k) = k**2 + 4 + 4 - 5 + z - k. Let s be g(7). Calculate the greatest common factor of s and 9.
9
Let l = 47 + -36. What is the highest common divisor of l and 1397?
11
Let g